8?
39
Calculate the greatest common factor of 380 and 3344.
76
Calculate the highest common divisor of 204 and 36.
12
What is the greatest common factor of 17 and 85?
17
What is the greatest common factor of 84 and 48?
12
What is the greatest common factor of 216 and 6912?
216
What is the highest common factor of 6726 and 570?
114
Calculate the highest common factor of 123 and 3.
3
Calculate the greatest common divisor of 492 and 84.
12
Calculate the greatest common divisor of 11140 and 10.
10
What is the greatest common factor of 321 and 856?
107
What is the highest common factor of 30 and 690?
30
Calculate the highest common factor of 28 and 764.
4
What is the highest common factor of 8406 and 6?
6
Calculate the highest common divisor of 96 and 7440.
48
Calculate the highest common factor of 71 and 1491.
71
What is the greatest common factor of 9216 and 144?
144
Calculate the highest common factor of 759 and 690.
69
Calculate the highest common divisor of 15 and 111.
3
Calculate the greatest common divisor of 16 and 16.
16
What is the highest common factor of 900 and 108?
36
What is the highest common divisor of 121 and 1100?
11
What is the greatest common factor of 5592 and 24?
24
Calculate the highest common factor of 147 and 2793.
147
Calculate the greatest common factor of 414 and 276.
138
What is the greatest common divisor of 56 and 5306?
14
What is the highest common divisor of 5 and 115?
5
Calculate the greatest common factor of 176 and 1804.
44
Calculate the highest common factor of 165 and 5.
5
What is the greatest common factor of 48 and 528?
48
Calculate the greatest common factor of 144 and 1632.
48
What is the greatest common factor of 5568 and 72?
24
Calculate the greatest common divisor of 3393 and 78.
39
What is the greatest common divisor of 28 and 2016?
28
Calculate the greatest common divisor of 1118 and 1978.
86
What is the highest common factor of 2235 and 30?
15
Calculate the greatest common divisor of 129 and 258.
129
What is the greatest common divisor of 665 and 175?
35
What is the highest common factor of 48 and 256?
16
What is the greatest common divisor of 1332 and 708?
12
What is the highest common divisor of 1148 and 164?
164
What is the greatest common divisor of 69 and 27?
3
Calculate the highest common divisor of 279 and 1260.
9
What is the greatest common factor of 460 and 6164?
92
What is the greatest common divisor of 856 and 56?
8
Calculate the greatest common factor of 20746 and 184.
46
What is the greatest common factor of 102 and 6?
6
What is the highest common divisor of 296 and 111?
37
Calculate the greatest common factor of 11528 and 16.
8
What is the highest common divisor of 174 and 957?
87
Calculate the highest common factor of 164 and 1394.
82
Calculate the highest common factor of 11620 and 20.
20
Calculate the highest common factor of 2772 and 1320.
132
What is the greatest common factor of 392 and 154?
14
Calculate the highest common divisor of 368 and 23.
23
What is the greatest common factor of 440 and 1210?
110
What is the greatest common divisor of 9900 and 135?
45
Calculate the highest common factor of 78 and 50.
2
What is the highest common divisor of 94 and 2?
2
What is the highest common divisor of 160 and 100?
20
Calculate the highest common divisor of 30 and 12315.
15
What is the highest common divisor of 185 and 111?
37
Calculate the highest common divisor of 205 and 2911.
41
Calculate the greatest common factor of 294 and 1029.
147
What is the highest common divisor of 153 and 238?
17
Calculate the greatest common factor of 2623 and 244.
61
What is the greatest common divisor of 144 and 522?
18
Calculate the greatest common divisor of 84 and 567.
21
Calculate the greatest common divisor of 44 and 1100.
44
What is the greatest common factor of 2436 and 630?
42
Calculate the greatest common factor of 969 and 1428.
51
Calculate the greatest common factor of 2497 and 110.
11
What is the highest common divisor of 785 and 9577?
157
What is the greatest common factor of 5 and 2920?
5
Calculate the highest common divisor of 275 and 1507.
11
What is the greatest common divisor of 210 and 90?
30
What is the highest common factor of 5504 and 301?
43
Calculate the highest common divisor of 54 and 12.
6
Calculate the greatest common factor of 2844 and 18.
18
What is the highest common factor of 18 and 90?
18
Calculate the highest common divisor of 282 and 35250.
282
Calculate the greatest common factor of 558 and 24.
6
What is the greatest common divisor of 10854 and 67?
67
What is the highest common factor of 35 and 525?
35
Calculate the highest common factor of 264 and 1254.
66
Calculate the highest common divisor of 496 and 24.
8
Calculate the highest common factor of 900 and 315.
45
What is the greatest common factor of 4104 and 152?
152
What is the greatest common divisor of 225 and 3975?
75
Calculate the greatest common factor of 10 and 16.
2
What is the highest common factor of 670 and 10?
10
What is the highest common divisor of 1794 and 8671?
299
Calculate the greatest common factor of 66 and 429.
33
Calculate the highest common factor of 15 and 3597.
3
Calculate the highest common factor of 84 and 6692.
28
What is the highest common divisor of 24 and 16?
8
Calculate the greatest common divisor of 33 and 3.
3
What is the highest common factor of 9 and 99?
9
What is the greatest common factor of 1012 and 88?
44
Calculate the highest common divisor of 252 and 528.
12
What is the highest common factor of 94 and 40?
2
What is the highest common divisor of 245 and 210?
35
What is the highest common divisor of 36 and 256?
4
Calculate the highest common factor of 78 and 9165.
39
Calculate the highest common factor of 19 and 1159.
19
Calculate the highest common factor of 57 and 9.
3
Calculate the highest common divisor of 1719 and 36.
9
Calculate the highest common factor of 384 and 304.
16
Calculate the highest common factor of 5416 and 8.
8
Calculate the highest common factor of 26 and 26.
26
What is the greatest common factor of 15620 and 44?
44
What is the highest common divisor of 247 and 38?
19
What is the highest common factor of 70 and 28?
14
What is the highest common factor of 7290 and 9?
9
Calculate the greatest common factor of 139 and 2.
1
Calculate the greatest common divisor of 1122 and 51.
51
Calculate the highest common factor of 54 and 198.
18
Calculate the greatest common divisor of 47 and 141.
47
What is the greatest common factor of 59459 and 74?
37
Calculate the greatest common divisor of 120 and 16.
8
Calculate the greatest common factor of 470 and 14570.
470
Calculate the greatest common factor of 100 and 125.
25
What is the greatest common divisor of 24 and 3?
3
Calculate the highest common divisor of 990 and 18.
18
What is the greatest common factor of 4334 and 44?
22
What is the highest common divisor of 87 and 1624?
29
What is the highest common divisor of 2405 and 37?
37
Calculate the greatest common factor of 23 and 69.
23
Calculate the greatest common factor of 823 and 3.
1
What is the highest common factor of 30 and 90?
30
Calculate the highest common factor of 270 and 2835.
135
What is the highest common factor of 1386 and 2541?
231
Calculate the greatest common factor of 72 and 408.
24
Calculate the highest common divisor of 419 and 2.
1
Calculate the highest common factor of 2 and 1550.
2
What is the highest common factor of 686 and 14?
14
Calculate the greatest common divisor of 27 and 729.
27
Calculate the greatest common factor of 20 and 112600.
20
Calculate the greatest common factor of 4176 and 1827.
261
What is the greatest common divisor of 62 and 434?
62
What is the highest common factor of 13 and 26?
13
Calculate the highest common factor of 44 and 836.
44
Calculate the highest common factor of 696 and 72.
24
Calculate the greatest common divisor of 83 and 913.
83
Calculate the greatest common factor of 14 and 378.
14
Calculate the highest common divisor of 286 and 1859.
143
Calculate the greatest common divisor of 76 and 4.
4
Calculate the highest common divisor of 14883 and 242.
121
Calculate the greatest common factor of 7084 and 414.
46
What is the highest common factor of 100 and 1020?
20
What is the greatest common factor of 160 and 138